{"id":10,"date":"2024-09-19T20:05:01","date_gmt":"2024-09-19T20:05:01","guid":{"rendered":"https:\/\/wellnessprofi.ch\/?page_id=10"},"modified":"2024-11-04T10:29:27","modified_gmt":"2024-11-04T10:29:27","slug":"sauna-mieten","status":"publish","type":"page","link":"https:\/\/wellnessprofi.ch\/","title":{"rendered":"Saunieren in der mobilen Sauna"},"content":{"rendered":"\t\t<div data-elementor-type=\"wp-page\" data-elementor-id=\"10\" class=\"elementor elementor-10\">\n\t\t\t\t<div class=\"elementor-element elementor-element-55d0e3dc e-flex e-con-boxed e-con e-parent\" data-id=\"55d0e3dc\" data-element_type=\"container\">\n\t\t\t\t\t<div class=\"e-con-inner\">\n\t\t\t\t<div class=\"elementor-element elementor-element-1e94447f elementor-widget elementor-widget-text-editor\" data-id=\"1e94447f\" data-element_type=\"widget\" data-widget_type=\"text-editor.default\">\n\t\t\t\t<div class=\"elementor-widget-container\">\n\t\t\t\t\t\t\t\t\t<p>Die v\u00f6llig autarke Sauna mit finnischem Holzofen macht das saunieren zu einem unvergesslichen Erlebnis. \u00a0Dabei hast du verschiedene M\u00f6glichkeiten die Sauna zu mieten.\u00a0<\/p>\t\t\t\t\t\t\t\t<\/div>\n\t\t\t\t<\/div>\n\t\t\t\t\t<\/div>\n\t\t\t\t<\/div>\n\t\t<div class=\"elementor-element elementor-element-6a7e4c4 e-flex e-con-boxed e-con e-parent\" data-id=\"6a7e4c4\" data-element_type=\"container\">\n\t\t\t\t\t<div class=\"e-con-inner\">\n\t\t<div class=\"elementor-element elementor-element-5bea916 e-con-full e-flex e-con e-child\" data-id=\"5bea916\" data-element_type=\"container\">\n\t\t\t\t<div class=\"elementor-element elementor-element-93a3f07 elementor-widget__width-initial elementor-widget elementor-widget-image\" data-id=\"93a3f07\" data-element_type=\"widget\" data-widget_type=\"image.default\">\n\t\t\t\t<div class=\"elementor-widget-container\">\n\t\t\t\t\t\t\t\t\t\t\t\t\t\t\t<img fetchpriority=\"high\" decoding=\"async\" width=\"644\" height=\"859\" src=\"https:\/\/wellnessprofi.ch\/wp-content\/uploads\/2024\/09\/finnischeSauna-768x1024.jpg\" class=\"attachment-large size-large wp-image-65\" alt=\"\" srcset=\"https:\/\/wellnessprofi.ch\/wp-content\/uploads\/2024\/09\/finnischeSauna-768x1024.jpg 768w, https:\/\/wellnessprofi.ch\/wp-content\/uploads\/2024\/09\/finnischeSauna-225x300.jpg 225w, https:\/\/wellnessprofi.ch\/wp-content\/uploads\/2024\/09\/finnischeSauna-1152x1536.jpg 1152w, https:\/\/wellnessprofi.ch\/wp-content\/uploads\/2024\/09\/finnischeSauna-1536x2048.jpg 1536w, https:\/\/wellnessprofi.ch\/wp-content\/uploads\/2024\/09\/finnischeSauna-scaled.jpg 1920w\" sizes=\"100vw\" \/>\t\t\t\t\t\t\t\t\t\t\t\t\t\t\t<\/div>\n\t\t\t\t<\/div>\n\t\t\t\t<div class=\"elementor-element elementor-element-a1170e0 elementor-widget elementor-widget-heading\" data-id=\"a1170e0\" data-element_type=\"widget\" data-widget_type=\"heading.default\">\n\t\t\t\t<div class=\"elementor-widget-container\">\n\t\t\t\t\t<h2 class=\"elementor-heading-title elementor-size-default\">Mich nennt man Banja<\/h2>\t\t\t\t<\/div>\n\t\t\t\t<\/div>\n\t\t\t\t<div class=\"elementor-element elementor-element-c732092 elementor-widget elementor-widget-text-editor\" data-id=\"c732092\" data-element_type=\"widget\" data-widget_type=\"text-editor.default\">\n\t\t\t\t<div class=\"elementor-widget-container\">\n\t\t\t\t\t\t\t\t\t<p>Bei mir finden bis zu vier Personen Platz, dann k\u00f6nnen meine G\u00e4ste angenehm sitzen und teils liegen. Zu Zweit k\u00f6nnen nat\u00fcrlich beide liegen. Mein warmes Herzst\u00fcck kann mit Holz erw\u00e4rmt werden und gern darf man mein finnisches Herz auch befeuchten. Trockenes Brennholz habe ich immer auch dabei.<\/p>\t\t\t\t\t\t\t\t<\/div>\n\t\t\t\t<\/div>\n\t\t\t\t<\/div>\n\t\t<div class=\"elementor-element elementor-element-751fc45 e-con-full e-flex e-con e-child\" data-id=\"751fc45\" data-element_type=\"container\">\n\t\t\t\t<div class=\"elementor-element elementor-element-373351c elementor-widget__width-initial elementor-widget elementor-widget-image\" data-id=\"373351c\" data-element_type=\"widget\" data-widget_type=\"image.default\">\n\t\t\t\t<div class=\"elementor-widget-container\">\n\t\t\t\t\t\t\t\t\t\t\t\t\t\t\t<img decoding=\"async\" width=\"644\" height=\"859\" src=\"https:\/\/wellnessprofi.ch\/wp-content\/uploads\/2024\/09\/Saunamieten-768x1024.jpg\" class=\"attachment-large size-large wp-image-17\" alt=\"\" srcset=\"https:\/\/wellnessprofi.ch\/wp-content\/uploads\/2024\/09\/Saunamieten-768x1024.jpg 768w, https:\/\/wellnessprofi.ch\/wp-content\/uploads\/2024\/09\/Saunamieten-225x300.jpg 225w, https:\/\/wellnessprofi.ch\/wp-content\/uploads\/2024\/09\/Saunamieten-1152x1536.jpg 1152w, https:\/\/wellnessprofi.ch\/wp-content\/uploads\/2024\/09\/Saunamieten-1536x2048.jpg 1536w, https:\/\/wellnessprofi.ch\/wp-content\/uploads\/2024\/09\/Saunamieten-scaled.jpg 1920w\" sizes=\"100vw\" \/>\t\t\t\t\t\t\t\t\t\t\t\t\t\t\t<\/div>\n\t\t\t\t<\/div>\n\t\t\t\t<div class=\"elementor-element elementor-element-43e2393 elementor-widget elementor-widget-heading\" data-id=\"43e2393\" data-element_type=\"widget\" data-widget_type=\"heading.default\">\n\t\t\t\t<div class=\"elementor-widget-container\">\n\t\t\t\t\t<h2 class=\"elementor-heading-title elementor-size-default\">Sauna meets HotPot<\/h2>\t\t\t\t<\/div>\n\t\t\t\t<\/div>\n\t\t\t\t<div class=\"elementor-element elementor-element-b9d99e2 elementor-widget elementor-widget-heading\" data-id=\"b9d99e2\" data-element_type=\"widget\" data-widget_type=\"heading.default\">\n\t\t\t\t<div class=\"elementor-widget-container\">\n\t\t\t\t\t<h4 class=\"elementor-heading-title elementor-size-default\"><a href=\"\">Angebot 1 f\u00fcr 90.- CHF<\/a><\/h4>\t\t\t\t<\/div>\n\t\t\t\t<\/div>\n\t\t\t\t<div class=\"elementor-element elementor-element-499ef02 elementor-widget elementor-widget-text-editor\" data-id=\"499ef02\" data-element_type=\"widget\" data-widget_type=\"text-editor.default\">\n\t\t\t\t<div class=\"elementor-widget-container\">\n\t\t\t\t\t\t\t\t\t<p>F\u00fcr 90.- CHF kannst du mich im sch\u00f6nen D\u00fcrren\u00e4sch mit herrlicher Aussicht geniessen. Falls du meinen Bruder den finnischen HotPot (oder CoolPot) dazu buchst (60.-), dann hast du den bestm\u00f6glichen Erholungsfaktor. Die Gartendusche ist eine willkommene Abk\u00fchlung.\u00a0<\/p>\t\t\t\t\t\t\t\t<\/div>\n\t\t\t\t<\/div>\n\t\t\t\t<\/div>\n\t\t\t\t\t<\/div>\n\t\t\t\t<\/div>\n\t\t<div class=\"elementor-element elementor-element-20adc48 e-flex e-con-boxed e-con e-parent\" data-id=\"20adc48\" data-element_type=\"container\">\n\t\t\t\t\t<div class=\"e-con-inner\">\n\t\t<div class=\"elementor-element elementor-element-db05d92 e-con-full e-flex e-con e-child\" data-id=\"db05d92\" data-element_type=\"container\">\n\t\t\t\t<div class=\"elementor-element elementor-element-83fb98e elementor-widget elementor-widget-image\" data-id=\"83fb98e\" data-element_type=\"widget\" data-widget_type=\"image.default\">\n\t\t\t\t<div class=\"elementor-widget-container\">\n\t\t\t\t\t\t\t\t\t\t\t\t\t\t\t<img decoding=\"async\" width=\"644\" height=\"429\" src=\"https:\/\/wellnessprofi.ch\/wp-content\/uploads\/2024\/09\/hallwilersee2024.jpg\" class=\"attachment-large size-large wp-image-92\" alt=\"\" srcset=\"https:\/\/wellnessprofi.ch\/wp-content\/uploads\/2024\/09\/hallwilersee2024.jpg 800w, https:\/\/wellnessprofi.ch\/wp-content\/uploads\/2024\/09\/hallwilersee2024-300x200.jpg 300w, https:\/\/wellnessprofi.ch\/wp-content\/uploads\/2024\/09\/hallwilersee2024-768x512.jpg 768w\" sizes=\"100vw\" \/>\t\t\t\t\t\t\t\t\t\t\t\t\t\t\t<\/div>\n\t\t\t\t<\/div>\n\t\t\t\t<div class=\"elementor-element elementor-element-94feef3 elementor-widget elementor-widget-heading\" data-id=\"94feef3\" data-element_type=\"widget\" data-widget_type=\"heading.default\">\n\t\t\t\t<div class=\"elementor-widget-container\">\n\t\t\t\t\t<h2 class=\"elementor-heading-title elementor-size-default\">Dein Zuhause ist auch mein Zuhause<\/h2>\t\t\t\t<\/div>\n\t\t\t\t<\/div>\n\t\t\t\t<div class=\"elementor-element elementor-element-dfe4902 elementor-widget elementor-widget-heading\" data-id=\"dfe4902\" data-element_type=\"widget\" data-widget_type=\"heading.default\">\n\t\t\t\t<div class=\"elementor-widget-container\">\n\t\t\t\t\t<h4 class=\"elementor-heading-title elementor-size-default\">Angebot 2 f\u00fcr 90.- &amp; Wegpauschale<\/h4>\t\t\t\t<\/div>\n\t\t\t\t<\/div>\n\t\t\t\t<div class=\"elementor-element elementor-element-b837a5a elementor-widget elementor-widget-text-editor\" data-id=\"b837a5a\" data-element_type=\"widget\" data-widget_type=\"text-editor.default\">\n\t\t\t\t<div class=\"elementor-widget-container\">\n\t\t\t\t\t\t\t\t\t<p>Falls du im Umkreis von 30 Kilometer von Lenzburg, an deinem Wunschort\u00a0saunieren m\u00f6chtest, dann f\u00e4hrt mich Philip zu dir. Mit 90.- CHF pro Tag und einer Wegpauschale (wird nach Distanz berechnet) komme ich zu dir nach Hause.\u00a0<\/p>\t\t\t\t\t\t\t\t<\/div>\n\t\t\t\t<\/div>\n\t\t\t\t<\/div>\n\t\t<div class=\"elementor-element elementor-element-7670052 e-con-full e-flex e-con e-child\" data-id=\"7670052\" data-element_type=\"container\">\n\t\t\t\t<\/div>\n\t\t\t\t\t<\/div>\n\t\t\t\t<\/div>\n\t\t\t\t<\/div>\n\t\t","protected":false},"excerpt":{"rendered":"<p>Die v\u00f6llig autarke Sauna mit finnischem Holzofen macht das saunieren zu einem unvergesslichen Erlebnis. \u00a0Dabei hast du verschiedene M\u00f6glichkeiten die Sauna zu mieten. Mich nennt man Banja Bei mir finden bis zu vier Personen Platz, dann k\u00f6nnen meine G\u00e4ste angenehm sitzen und teils liegen. Zu Zweit k\u00f6nnen nat\u00fcrlich beide liegen. Mein warmes Herzst\u00fcck kann mit &hellip; <\/p>\n<p class=\"link-more\"><a href=\"https:\/\/wellnessprofi.ch\/\" class=\"more-link\"><span class=\"screen-reader-text\">&#171;Saunieren in der mobilen Sauna&#187;<\/span> weiterlesen<\/a><\/p>\n","protected":false},"author":1,"featured_media":0,"parent":0,"menu_order":0,"comment_status":"closed","ping_status":"closed","template":"","meta":{"footnotes":""},"class_list":["post-10","page","type-page","status-publish","hentry"],"yoast_head":"<!-- This site is optimized with the Yoast SEO plugin v24.1 - https:\/\/yoast.com\/wordpress\/plugins\/seo\/ -->\n<title>Saunieren in der mobilen Sauna - Erholung pur im Saunah\u00e4nger<\/title>\n<meta name=\"description\" content=\"Die exklusive Sauna zum mieten. Miete die Fasssauna am Hallwilersee oder sauniere ganz einfach bei dir Zuhause. HotPot und Sauna\" \/>\n<meta name=\"robots\" content=\"index, follow, max-snippet:-1, max-image-preview:large, max-video-preview:-1\" \/>\n<link rel=\"canonical\" href=\"https:\/\/wellnessprofi.ch\/\" \/>\n<meta property=\"og:locale\" content=\"de_DE\" \/>\n<meta property=\"og:type\" content=\"article\" \/>\n<meta property=\"og:title\" content=\"Saunieren in der mobilen Sauna - Erholung pur im Saunah\u00e4nger\" \/>\n<meta property=\"og:description\" content=\"Die exklusive Sauna zum mieten. Miete die Fasssauna am Hallwilersee oder sauniere ganz einfach bei dir Zuhause. HotPot und Sauna\" \/>\n<meta property=\"og:url\" content=\"https:\/\/wellnessprofi.ch\/\" \/>\n<meta property=\"og:site_name\" content=\"Erholung pur im Saunah\u00e4nger\" \/>\n<meta property=\"article:modified_time\" content=\"2024-11-04T10:29:27+00:00\" \/>\n<meta property=\"og:image\" content=\"https:\/\/wellnessprofi.ch\/wp-content\/uploads\/2024\/09\/finnischeSauna-768x1024.jpg\" \/>\n<meta name=\"twitter:card\" content=\"summary_large_image\" \/>\n<meta name=\"twitter:label1\" content=\"Gesch\u00e4tzte Lesezeit\" \/>\n\t<meta name=\"twitter:data1\" content=\"2\u00a0Minuten\" \/>\n<script type=\"application\/ld+json\" class=\"yoast-schema-graph\">{\"@context\":\"https:\/\/schema.org\",\"@graph\":[{\"@type\":\"WebPage\",\"@id\":\"https:\/\/wellnessprofi.ch\/\",\"url\":\"https:\/\/wellnessprofi.ch\/\",\"name\":\"Saunieren in der mobilen Sauna - Erholung pur im Saunah\u00e4nger\",\"isPartOf\":{\"@id\":\"https:\/\/wellnessprofi.ch\/#website\"},\"primaryImageOfPage\":{\"@id\":\"https:\/\/wellnessprofi.ch\/#primaryimage\"},\"image\":{\"@id\":\"https:\/\/wellnessprofi.ch\/#primaryimage\"},\"thumbnailUrl\":\"https:\/\/wellnessprofi.ch\/wp-content\/uploads\/2024\/09\/finnischeSauna-768x1024.jpg\",\"datePublished\":\"2024-09-19T20:05:01+00:00\",\"dateModified\":\"2024-11-04T10:29:27+00:00\",\"description\":\"Die exklusive Sauna zum mieten. Miete die Fasssauna am Hallwilersee oder sauniere ganz einfach bei dir Zuhause. HotPot und Sauna\",\"breadcrumb\":{\"@id\":\"https:\/\/wellnessprofi.ch\/#breadcrumb\"},\"inLanguage\":\"de-CH\",\"potentialAction\":[{\"@type\":\"ReadAction\",\"target\":[\"https:\/\/wellnessprofi.ch\/\"]}]},{\"@type\":\"ImageObject\",\"inLanguage\":\"de-CH\",\"@id\":\"https:\/\/wellnessprofi.ch\/#primaryimage\",\"url\":\"https:\/\/wellnessprofi.ch\/wp-content\/uploads\/2024\/09\/finnischeSauna-scaled.jpg\",\"contentUrl\":\"https:\/\/wellnessprofi.ch\/wp-content\/uploads\/2024\/09\/finnischeSauna-scaled.jpg\",\"width\":1920,\"height\":2560},{\"@type\":\"BreadcrumbList\",\"@id\":\"https:\/\/wellnessprofi.ch\/#breadcrumb\",\"itemListElement\":[{\"@type\":\"ListItem\",\"position\":1,\"name\":\"Startseite\",\"item\":\"https:\/\/wellnessprofi.ch\/\"},{\"@type\":\"ListItem\",\"position\":2,\"name\":\"Saunieren in der mobilen Sauna\"}]},{\"@type\":\"WebSite\",\"@id\":\"https:\/\/wellnessprofi.ch\/#website\",\"url\":\"https:\/\/wellnessprofi.ch\/\",\"name\":\"Erholung pur im Saunah\u00e4nger\",\"description\":\"\",\"potentialAction\":[{\"@type\":\"SearchAction\",\"target\":{\"@type\":\"EntryPoint\",\"urlTemplate\":\"https:\/\/wellnessprofi.ch\/?s={search_term_string}\"},\"query-input\":{\"@type\":\"PropertyValueSpecification\",\"valueRequired\":true,\"valueName\":\"search_term_string\"}}],\"inLanguage\":\"de-CH\"}]}<\/script>\n<!-- \/ Yoast SEO plugin. -->","yoast_head_json":{"title":"Saunieren in der mobilen Sauna - Erholung pur im Saunah\u00e4nger","description":"Die exklusive Sauna zum mieten. Miete die Fasssauna am Hallwilersee oder sauniere ganz einfach bei dir Zuhause. HotPot und Sauna","robots":{"index":"index","follow":"follow","max-snippet":"max-snippet:-1","max-image-preview":"max-image-preview:large","max-video-preview":"max-video-preview:-1"},"canonical":"https:\/\/wellnessprofi.ch\/","og_locale":"de_DE","og_type":"article","og_title":"Saunieren in der mobilen Sauna - Erholung pur im Saunah\u00e4nger","og_description":"Die exklusive Sauna zum mieten. Miete die Fasssauna am Hallwilersee oder sauniere ganz einfach bei dir Zuhause. HotPot und Sauna","og_url":"https:\/\/wellnessprofi.ch\/","og_site_name":"Erholung pur im Saunah\u00e4nger","article_modified_time":"2024-11-04T10:29:27+00:00","og_image":[{"url":"https:\/\/wellnessprofi.ch\/wp-content\/uploads\/2024\/09\/finnischeSauna-768x1024.jpg","type":"","width":"","height":""}],"twitter_card":"summary_large_image","twitter_misc":{"Gesch\u00e4tzte Lesezeit":"2\u00a0Minuten"},"schema":{"@context":"https:\/\/schema.org","@graph":[{"@type":"WebPage","@id":"https:\/\/wellnessprofi.ch\/","url":"https:\/\/wellnessprofi.ch\/","name":"Saunieren in der mobilen Sauna - Erholung pur im Saunah\u00e4nger","isPartOf":{"@id":"https:\/\/wellnessprofi.ch\/#website"},"primaryImageOfPage":{"@id":"https:\/\/wellnessprofi.ch\/#primaryimage"},"image":{"@id":"https:\/\/wellnessprofi.ch\/#primaryimage"},"thumbnailUrl":"https:\/\/wellnessprofi.ch\/wp-content\/uploads\/2024\/09\/finnischeSauna-768x1024.jpg","datePublished":"2024-09-19T20:05:01+00:00","dateModified":"2024-11-04T10:29:27+00:00","description":"Die exklusive Sauna zum mieten. Miete die Fasssauna am Hallwilersee oder sauniere ganz einfach bei dir Zuhause. HotPot und Sauna","breadcrumb":{"@id":"https:\/\/wellnessprofi.ch\/#breadcrumb"},"inLanguage":"de-CH","potentialAction":[{"@type":"ReadAction","target":["https:\/\/wellnessprofi.ch\/"]}]},{"@type":"ImageObject","inLanguage":"de-CH","@id":"https:\/\/wellnessprofi.ch\/#primaryimage","url":"https:\/\/wellnessprofi.ch\/wp-content\/uploads\/2024\/09\/finnischeSauna-scaled.jpg","contentUrl":"https:\/\/wellnessprofi.ch\/wp-content\/uploads\/2024\/09\/finnischeSauna-scaled.jpg","width":1920,"height":2560},{"@type":"BreadcrumbList","@id":"https:\/\/wellnessprofi.ch\/#breadcrumb","itemListElement":[{"@type":"ListItem","position":1,"name":"Startseite","item":"https:\/\/wellnessprofi.ch\/"},{"@type":"ListItem","position":2,"name":"Saunieren in der mobilen Sauna"}]},{"@type":"WebSite","@id":"https:\/\/wellnessprofi.ch\/#website","url":"https:\/\/wellnessprofi.ch\/","name":"Erholung pur im Saunah\u00e4nger","description":"","potentialAction":[{"@type":"SearchAction","target":{"@type":"EntryPoint","urlTemplate":"https:\/\/wellnessprofi.ch\/?s={search_term_string}"},"query-input":{"@type":"PropertyValueSpecification","valueRequired":true,"valueName":"search_term_string"}}],"inLanguage":"de-CH"}]}},"_links":{"self":[{"href":"https:\/\/wellnessprofi.ch\/index.php\/wp-json\/wp\/v2\/pages\/10","targetHints":{"allow":["GET"]}}],"collection":[{"href":"https:\/\/wellnessprofi.ch\/index.php\/wp-json\/wp\/v2\/pages"}],"about":[{"href":"https:\/\/wellnessprofi.ch\/index.php\/wp-json\/wp\/v2\/types\/page"}],"author":[{"embeddable":true,"href":"https:\/\/wellnessprofi.ch\/index.php\/wp-json\/wp\/v2\/users\/1"}],"replies":[{"embeddable":true,"href":"https:\/\/wellnessprofi.ch\/index.php\/wp-json\/wp\/v2\/comments?post=10"}],"version-history":[{"count":58,"href":"https:\/\/wellnessprofi.ch\/index.php\/wp-json\/wp\/v2\/pages\/10\/revisions"}],"predecessor-version":[{"id":231,"href":"https:\/\/wellnessprofi.ch\/index.php\/wp-json\/wp\/v2\/pages\/10\/revisions\/231"}],"wp:attachment":[{"href":"https:\/\/wellnessprofi.ch\/index.php\/wp-json\/wp\/v2\/media?parent=10"}],"curies":[{"name":"wp","href":"https:\/\/api.w.org\/{rel}","templated":true}]}}